 by 9?
8
What is the remainder when 186036 is divided by 202?
196
Calculate the remainder when 18302 is divided by 1663.
9
Calculate the remainder when 335406 is divided by 126.
120
What is the remainder when 2008 is divided by 483?
76
Calculate the remainder when 179 is divided by 90.
89
What is the remainder when 22409 is divided by 150?
59
What is the remainder when 22596 is divided by 982?
10
What is the remainder when 15685727 is divided by 16?
15
What is the remainder when 53234 is divided by 5837?
701
Calculate the remainder when 10386 is divided by 259.
26
What is the remainder when 1401822 is divided by 1136?
1134
What is the remainder when 11958 is divided by 796?
18
What is the remainder when 9275 is divided by 225?
50
What is the remainder when 180230 is divided by 323?
319
Calculate the remainder when 2369104 is divided by 19.
13
What is the remainder when 2415 is divided by 1121?
173
What is the remainder when 31735 is divided by 10?
5
Calculate the remainder when 10247 is divided by 75.
47
What is the remainder when 948 is divided by 444?
60
Calculate the remainder when 49733 is divided by 24861.
11
Calculate the remainder when 138780 is divided by 34693.
8
Calculate the remainder when 37152 is divided by 6.
0
What is the remainder when 3030 is divided by 8?
6
What is the remainder when 1088 is divided by 21?
17
What is the remainder when 17201 is divided by 8596?
9
Calculate the remainder when 110588 is divided by 303.
296
Calculate the remainder when 1401 is divided by 56.
1
What is the remainder when 11833 is divided by 1693?
1675
Calculate the remainder when 138 is divided by 107.
31
Calculate the remainder when 6302 is divided by 546.
296
Calculate the remainder when 48680 is divided by 165.
5
Calculate the remainder when 35710 is divided by 235.
225
Calculate the remainder when 2143 is divided by 2.
1
Calculate the remainder when 66295 is divided by 21.
19
What is the remainder when 63337 is divided by 299?
248
Calculate the remainder when 8307 is divided by 8191.
116
Calculate the remainder when 301405 is divided by 1656.
13
What is the remainder when 169776 is divided by 79?
5
What is the remainder when 13710 is divided by 3?
0
What is the remainder when 1556 is divided by 52?
48
What is the remainder when 9609 is divided by 52?
41
What is the remainder when 57436 is divided by 777?
715
What is the remainder when 35407 is divided by 2363?
2325
What is the remainder when 22083 is divided by 11?
6
What is the remainder when 36147 is divided by 30?
27
What is the remainder when 206379 is divided by 16?
11
Calculate the remainder when 3359 is divided by 835.
19
What is the remainder when 3239 is divided by 70?
19
Calculate the remainder when 13142 is divided by 3272.
54
Calculate the remainder when 23572 is divided by 1573.
1550
What is the remainder when 1676 is divided by 144?
92
Calculate the remainder when 51880 is divided by 51822.
58
What is the remainder when 34901 is divided by 158?
141
What is the remainder when 24112 is divided by 689?
686
What is the remainder when 31042 is divided by 164?
46
What is the remainder when 9462 is divided by 3142?
36
What is the remainder when 11751 is divided by 470?
1
What is the remainder when 14287 is divided by 3567?
19
Calculate the remainder when 6891 is divided by 741.
222
Calculate the remainder when 88635 is divided by 290.
185
What is the remainder when 892923 is divided by 191?
189
What is the remainder when 31401 is divided by 127?
32
Calculate the remainder when 49565 is divided by 12390.
5
What is the remainder when 69638 is divided by 3026?
40
Calculate the remainder when 1122 is divided by 992.
130
Calculate the remainder when 11425 is divided by 26.
11
Calculate the remainder when 197757 is divided by 554.
533
What is the remainder when 6075 is divided by 6071?
4
What is the remainder when 2435001 is divided by 33?
30
What is the remainder when 2163 is divided by 19?
16
What is the remainder when 149 is divided by 51?
47
What is the remainder when 3111499 is divided by 14?
13
Calculate the remainder when 91899 is divided by 22920.
219
Calculate the remainder when 434089 is divided by 49.
47
What is the remainder when 5597 is divided by 2791?
15
Calculate the remainder when 10462 is divided by 25.
12
What is the remainder when 55247 is divided by 238?
31
Calculate the remainder when 17676 is divided by 3.
0
What is the remainder when 6668 is divided by 548?
92
Calculate the remainder when 8164 is divided by 3790.
584
Calculate the remainder when 412614 is divided by 780.
774
Calculate the remainder when 2267 is divided by 2.
1
What is the remainder when 283211 is divided by 300?
11
What is the remainder when 2196 is divided by 141?
81
What is the remainder when 56370 is divided by 451?
446
Calculate the remainder when 808 is divided by 226.
130
Calculate the remainder when 14984 is divided by 7353.
278
Calculate the remainder when 34131 is divided by 1706.
11
What is the remainder when 89408 is divided by 6?
2
What is the remainder when 3152 is divided by 315?
2
Calculate the remainder when 7912 is divided by 117.
73
Calculate the remainder when 1230 is divided by 285.
90
What is the remainder when 16326 is divided by 958?
40
Calculate the remainder when 15074 is divided by 433.
352
What is the remainder when 75420 is divided by 10766?
58
Calculate the remainder when 57920 is divided by 449.
448
Calculate the remainder when 393972 is divided by 309.
306
Calculate the remainder when 18958 is divided by 950.
908
What is the remainder when 54924 is divided by 784?
44
What is the remainder when 1934 is divided by 107?
8
What is the remainder when 128 is divided by 33?
29
Calculate the remainder when 335 is divided by 299.
36
Calculate the remainder when 531899 is divided by 108.
107
Calculate the remainder when 2064 is divided by 1011.
42
Calculate the remainder when 789852 is divided by 33.
30
What is the remainder when 71512 is divided by 87?
85
What is the remainder when 107443 is divided by 377?
375
What is the remainder when 477 is divided by 333?
144
Calculate the remainder when 952 is divided by 134.
14
Calculate the remainder when 60511 is divided by 2521.
7
What is the remainder when 1245 is divided by 29?
27
What is the remainder when 70554 is divided by 45?
39
Calculate the remainder when 378 is divided by 124.
6
What is the remainder when 4523 is divided by 756?
743
Calculate the remainder when 406028 is divided by 6.
2
Calculate the remainder when 21591 is divided by 7197.
0
What is the remainder when 23949 is divided by 140?
9
Calculate the remainder when 6081 is divided by 130.
101
What is the remainder when 6066 is divided by 119?
116
What is the remainder when 262185 is divided by 559?
14
Calculate the remainder when 559187 is divided by 147.
146
Calculate the remainder when 50254 is divided by 375.
4
Calculate the remainder when 310120 is divided by 18.
16
What is the remainder when 14566 is divided by 12?
10
Calculate the remainder when 1331 is divided by 21.
8
What is the remainder when 55839 is divided by 29?
14
Calculate the remainder when 4495 is divided by 54.
13
Calculate the remainder when 1362674 is divided by 371.
362
What is the remainder when 4996821 is divided by 21?
18
Calculate the remainder when 1538 is divided by 558.
422
What is the remainder when 2859 is divided by 909?
132
What is the remainder when 4361 is divided by 626?
605
Calculate the remainder when 80001 is divided by 100.
1
What is the remainder when 50931 is divided by 566?
557
What is the remainder when 12693 is divided by 2537?
8
Calculate the remainder when 26266 is divided by 252.
58
What is the remainder when 91874 is divided by 30552?
218
What is the remainder when 70349 is divided by 33?
26
Calculate the remainder when 121897 is divided by 1792.
41
Calculate the remainder when 2198 is divided by 164.
66
What is the remainder when 410 is divided by 69?
65
Calculate the remainder when 124268 is divided by 2644.
0
Calculate the remainder when 1577 is divided by 1526.
51
Calculate the remainder when 5617162 is divided by 466.
464
Calculate the remainder when 1361 is divided by 1055.
306
What is the remainder when 43915 is divided by 67?
30
Calculate the remainder when